 4. Let q be o(-4). Let r = 11 - -1. Let f = q + r. What are the prime factors of f?
2
Suppose v + 3*w - 7 = 0, -3*v - 5*w + 11 = -2. Let t(h) be the second derivative of 7*h**3/6 - 2*h. What are the prime factors of t(v)?
7
Suppose 0 = -0*m + m + 54. Let k be (-3)/((-2)/(-2)) + m. List the prime factors of 1/(-2) + k/(-6).
3
Let a(v) = -v - 13. Let d be a(-10). Let p = 6 + -10. List the prime factors of 6/p*(1 + d).
3
Suppose -4*f = -f - 6. Suppose 19 = 5*b + 4*g, -f*g + g + 10 = 3*b. List the prime factors of b.
3
Let x be (6/4)/((-12)/(-32)). Suppose -8 = -i - x*v, -4*i - 3*v + v + 32 = 0. What are the prime factors of i?
2
Let z be -3*((-3)/1 + 2). List the prime factors of (z/(-2))/((-9)/168).
2, 7
Let f(t) = 63*t + 2. Let q be f(1). Let o = -32 + q. List the prime factors of o.
3, 11
Let i = -22 - -12. Let o = i + 14. Suppose 0 = -o*u - 0*u + 12. What are the prime factors of u?
3
Suppose -4*m + 496 = -4*n, -255 = -2*m - 5*n + 28. List the prime factors of m.
3, 43
Suppose -4*x - 10 = -5*i - 2, -4 = 2*i + 2*x. Let m = 0 - i. Suppose 4*t - 4*f - 20 = 0, m = -3*f + 2*f. List the prime factors of t.
5
Let n(b) be the first derivative of -b**3/3 + 3*b**2/2 - 3. Suppose -4 = -3*d + 2. What are the prime factors of n(d)?
2
Let b(c) = c**2 - 2. Let w(j) = 3*j**2 - 1. Let r be w(-1). Let g be b(r). Suppose 5*z - 92 = -g. What are the prime factors of z?
2, 3
Let f = -23 - -46. Suppose -3*b + 7 = -f. List the prime factors of b.
2, 5
Let c be (-4)/18 + 776/9. Let v = c + -51. Suppose 46 = 5*u - 2*u - 2*z, -v = -5*u - 5*z. What are the prime factors of u?
2, 3
Let x(q) = -2*q - 6. Suppose 0 = 3*i + 17 - 2. List the prime factors of x(i).
2
Suppose -4*j + 98 = -90. Suppose -147 - 13 = -5*b. Let s = j - b. List the prime factors of s.
3, 5
Let y(m) = -m**3 - 7*m**2 - 4*m + 6. Let q be y(-7). Let u be 2/(-10) - (-588)/(-35). Let x = u + q. What are the prime factors of x?
17
Let w(q) = q**2 - 10*q - 1. List the prime factors of w(13).
2, 19
What are the prime factors of 0/(-1) - 608/(-8)?
2, 19
Suppose z - 6*z = -2*d + 17, -26 = -5*d - 4*z. Suppose -p = -d*p. Let i = p + 5. What are the prime factors of i?
5
Let g(q) = 4*q**2 + 1. Let k be g(3). Suppose k = 5*i - 8. Suppose 3 = 3*d - i. List the prime factors of d.
2
Let r = 24 + -12. What are the prime factors of r?
2, 3
Let c be 12/(-18) + (-1)/3. Let k(t) = -11*t**3 + 2*t**2 + t. Let l be k(c). Let y = 17 - l. What are the prime factors of y?
5
Suppose o - 5*x + 13 = 0, 4*o - 2 + 0 = 2*x. Suppose 3*a - 45 = -o*r, -1 - 24 = -2*r + a. What are the prime factors of r?
3, 5
Let v(q) = -62*q - 32. List the prime factors of v(-6).
2, 5, 17
Suppose -3 = -2*u + 1. Suppose -u*q + 39 = q. Let t = q + -9. What are the prime factors of t?
2
Suppose -5*j + 72 = -13. List the prime factors of j.
17
Suppose 83 + 109 = 8*i. List the prime factors of i.
2, 3
Suppose 803 = 4*d + 3*r, 0 = -4*d + 3*r + 281 + 516. List the prime factors of d.
2, 5
Suppose 4*k = -k + 135. What are the prime factors of k?
3
Suppose 3*f + 135 = -5*u, -63 = 5*u + f + 82. Let i be (-3)/(((-4)/u)/(-2)). Let p = i - 29. List the prime factors of p.
2
Let p(n) be the second derivative of n**4/12 - 5*n**3/6 + n**2 + n. Let s be p(4). List the prime factors of (-64)/(-12) + s/6.
5
Let h = 4 + -1. Suppose d - 3*o = -10, 0*d - 3*d = h*o - 18. Suppose -j = -5*t - d, -j - 3*t = 2*t - 22. List the prime factors of j.
2, 3
Let x(u) be the first derivative of -5*u**3/3 - u**2/2 + 10*u + 2. Let d(q) = -2*q**2 + 3. Let o(t) = -7*d(t) + 2*x(t). What are the prime factors of o(2)?
11
Let s(f) = f**3 - 9*f**2 + 9*f - 8. Let a be s(8). Suppose q - 26 - 12 = a. List the prime factors of q.
2, 19
Let s(i) = i**3 + 7*i**2 - i - 7. Let c be s(-7). Let y(v) = v**3 + v**2 + v + 25. List the prime factors of y(c).
5
Let o(z) be the second derivative of 4/3*z**3 + 1/12*z**4 + 0 + 3*z + 5*z**2. What are the prime factors of o(-8)?
2, 5
Let a be -8*2/(8/(-11)). Suppose 4*d + a = -2*j, 4*j - d = -6*d - 29. List the prime factors of (2/4)/(j/(-12)).
2, 3
Suppose -4*o - 73 = -5*j, -6 - 26 = o - 4*j. List the prime factors of (-18)/o - (-37)/2.
2, 5
Let a(u) = -6*u - 22. List the prime factors of a(-4).
2
Suppose 32 - 8 = -3*j. What are the prime factors of j/14 + 1164/28?
41
Suppose 5*j + 8 = -2*h - 1, 2*h + 5 = -j. Let b be (3 - (2 + j)) + -4. What are the prime factors of ((-24)/9 - b)*-30?
2, 5
Let u = 96 + -51. Suppose 0*m - 5*m = -u. Let o = m + 3. List the prime factors of o.
2, 3
Let x(l) = -l**2 + 5*l + 0*l + 7 + 2*l. Let p be ((-4)/6)/((-2)/21). What are the prime factors of x(p)?
7
Suppose -3 + 0 = -5*c + 4*m, -9 = -4*c + m. Suppose -3*z = v - 29, -z + 72 = v + c*v. List the prime factors of v.
17
Let c be (-4)/(-18) - (-320)/18. Let p = -3 + 7. Suppose -q = -p*q + c. List the prime factors of q.
2, 3
Let w(g) be the second derivative of g**4/12 + 5*g**3/6 - 11*g**2/2 + 5*g. List the prime factors of w(-10).
3, 13
Suppose -3*n + n + 186 = 0. List the prime factors of n.
3, 31
Let v be (-2 - (-2 + -1))*17. Suppose -5*z + 4*z = -87. Suppose 5*s + v = z. List the prime factors of s.
2, 7
Let u(w) = -w - 2. Let i be u(-5). Let b(p) = -7*p**2 + 23*p + 1. Let l(m) = 4*m**2 - 12*m. Let a(h) = i*b(h) + 5*l(h). What are the prime factors of a(9)?
3
Let k(r) = -r - 4*r**2 + 8*r**2 - 14 + 9. List the prime factors of k(3).
2, 7
Let o(l) be the third derivative of l**4/24 - 4*l**2. Let y be o(4). Suppose s + n - 1 = y, 4 = -n. List the prime factors of s.
3
Let y = 116 - 39. What are the prime factors of y?
7, 11
Let x = 75 - 50. Suppose -q = 4*q - x. Let h = 15 - q. List the prime factors of h.
2, 5
Let m(b) = 5*b - 8. List the prime factors of m(6).
2, 11
Let u(i) be the first derivative of i**4/4 + 5*i + 1. Let m = 0 - 0. What are the prime factors of u(m)?
5
Suppose -2*g = -6*g + 200. List the prime factors of g.
2, 5
Suppose b = -4*g + 6*b + 3, 3*g - 3*b - 3 = 0. Suppose -g*i - 6 = -4*i + 2*l, 2*l = -6. Suppose -d - 8*n = -3*n, -2*n - 4 = i. List the prime factors of d.
2, 5
Suppose -17*x = -13*x - 532. What are the prime factors of x?
7, 19
Suppose 4 = 3*n - 2*n. Suppose 4*p - n = 40. List the prime factors of p.
11
Let g = -26 - -75. Let o = -31 + g. What are the prime factors of o?
2, 3
Suppose 0 = -2*c + u - 0*u + 85, -3*c = 3*u - 141. List the prime factors of c.
2, 11
Let i(p) = p - 1. Let w be i(3). Suppose 8 = w*h - 0*h. What are the prime factors of h?
2
Let d(f) = 3*f + 7. Let u be d(-6). Let j = -6 - u. What are the prime factors of j?
5
Let k(p) = 8*p**3 - p**2 + p. Let u be k(1). List the prime factors of -2*4/u*-21.
3, 7
Let p(a) = a**3 + 8*a**2 + 4*a - 13. Let u be p(-6). Suppose 2*k + 7 - u = -2*l, -5*l = -20. List the prime factors of k.
2, 5
Let m = -1 + 3. Let a(d) = 2*d**3 - 5*d**2 + d + 2. Let u be a(3). Suppose -2 = -m*q + u. What are the prime factors of q?
2
Suppose -3*u - 460 = -5*a - 8*u, 0 = a - u - 92. What are the prime factors of a?
2, 23
Suppose 10*p = 6*p + 276. What are the prime factors of p?
3, 23
Let q = 27 + 32. Suppose 0 = 2*k - 45 - q. Suppose 0*j + k = 4*j. What are the prime factors of j?
13
Let j be (-4)/(-18) + (-7)/(-9). Let t = j - -1. Let l = 4 - t. What are the prime factors of l?
2
Suppose 2*i + 3 = 2*m + 1, 0 = -m - 3*i + 21. What are the prime factors of m?
2, 3
List the prime factors of (210/63)/((-1)/(-18)).
2, 3, 5
Let y(a) = 0*a + 2 + 3 + 0*a**3 + a + 6*a**2 - a**3. List the prime factors of y(6).
11
Let f(m) = -2*m + 7. Let s(k) = -3*k + 14. Let o(b) = 11*f(b) - 6*s(b). List the prime factors of o(-5).
13
Let f(d) be the first derivative of -d**4/4 - 8*d**3/3 + 9*d**2/2 + 10*d + 3. Suppose -5*m = -2*m - 3*n + 15, -19 = 3*m - 2*n. List the prime factors of f(m).
2, 5
Let s(j) = -j**3 - 6*j**2 - 5*j + 4. Let z be s(-5). Suppose -3 - 13 = -z*d. List the prime factors of d.
2
Suppose 2*d + 3 = -1. Let h = 16 + -10. Let g = h - d. What are the prime factors of g?
2
What are the prime factors of ((-56)/(-32))/(2/(-80)*-2)?
5, 7
List the prime factors of 6/((-24)/(-50))*6.
3, 5
Let p(c) = c**3 - 3*c - 5*c + c - 5*c**2 + 8. Let d be p(6). Suppose 12 = 2*q - 0*q - 4*i, -5*q + 46 = -d*i. List the prime factors of q.
2, 5
Let z(a) = 3*a**3 + a**2 - 2*a - 4. List the prime factors of z(3).
2, 5
Let v(r) = -r**3 - 6*r**2